e factors of 254216174?
2, 239, 531833
List the prime factors of 3310381.
41, 263, 307
List the prime factors of 2432199202.
2, 29, 1823, 23003
What are the prime factors of 1504063335?
3, 5, 83, 113, 10691
List the prime factors of 4355780620.
2, 5, 53, 4109227
List the prime factors of 1179790619.
7, 541, 311537
List the prime factors of 168315982.
2, 257, 327463
List the prime factors of 50753492.
2, 37, 342929
List the prime factors of 491954168.
2, 463, 132817
List the prime factors of 242958273.
3, 80986091
What are the prime factors of 3409479335?
5, 223, 883, 3463
What are the prime factors of 63734013?
3, 7, 337217
List the prime factors of 4250621576.
2, 21757, 24421
What are the prime factors of 2388242797?
2388242797
List the prime factors of 386490291.
3, 11, 17, 373, 1847
List the prime factors of 308023574.
2, 2039, 75533
List the prime factors of 1089199585.
5, 217839917
What are the prime factors of 127122358?
2, 11, 525299
What are the prime factors of 106799958?
2, 3, 2713
What are the prime factors of 858462858?
2, 3, 11, 83, 52237
List the prime factors of 19656912.
2, 3, 11, 59, 631
List the prime factors of 3762638170.
2, 5, 83, 4533299
List the prime factors of 22535631.
3, 834653
What are the prime factors of 5701891396?
2, 1425472849
What are the prime factors of 6055590651?
3, 11, 4211, 43577
What are the prime factors of 6347820?
2, 3, 5, 47, 2251
What are the prime factors of 525698?
2, 31, 61, 139
What are the prime factors of 1531726840?
2, 5, 7, 5470453
What are the prime factors of 5022905655?
3, 5, 233, 373, 3853
What are the prime factors of 4868233281?
3, 509, 1062701
List the prime factors of 809421266.
2, 404710633
List the prime factors of 370355339.
61, 6071399
List the prime factors of 424993971.
3, 141664657
List the prime factors of 815084712.
2, 3, 13, 73, 79, 151
List the prime factors of 24202258.
2, 31, 390359
List the prime factors of 1788730459.
1788730459
List the prime factors of 16383364.
2, 223, 18367
List the prime factors of 254018150.
2, 5, 157, 32359
List the prime factors of 29636345.
5, 5927269
List the prime factors of 3356345105.
5, 17, 131, 301423
List the prime factors of 28827052.
2, 641, 11243
What are the prime factors of 19801821?
3, 13, 17, 29867
List the prime factors of 187842103.
43, 1289, 3389
What are the prime factors of 599603629?
23, 26069723
List the prime factors of 2728984167.
3, 7, 13, 3332093
What are the prime factors of 185028587?
185028587
What are the prime factors of 78594976?
2, 659, 3727
List the prime factors of 2510558617.
7, 41, 79, 110729
List the prime factors of 2486054832.
2, 3, 67, 773027
List the prime factors of 82222343.
7, 41, 40927
List the prime factors of 54736303.
683, 80141
List the prime factors of 71287638.
2, 3, 193, 61561
What are the prime factors of 184732925?
5, 13, 131, 4339
What are the prime factors of 1032457211?
22783, 45317
List the prime factors of 2920404334.
2, 41, 613, 58099
List the prime factors of 7654171.
7, 547, 1999
What are the prime factors of 1875266547?
3, 7, 11, 167, 48611
What are the prime factors of 242849862?
2, 3, 17, 793627
List the prime factors of 252313079.
29, 163, 53377
List the prime factors of 196193434.
2, 43, 641, 3559
What are the prime factors of 1688834?
2, 7, 19, 907
List the prime factors of 1457303620.
2, 5, 47, 107, 14489
What are the prime factors of 1061238168?
2, 3, 137, 271, 397
List the prime factors of 710214997.
41, 173, 100129
List the prime factors of 122708334.
2, 3, 7, 101, 28927
List the prime factors of 187935982.
2, 13, 1487, 4861
List the prime factors of 165491698.
2, 263, 314623
What are the prime factors of 35848082?
2, 67, 267523
What are the prime factors of 57097848?
2, 3, 2379077
List the prime factors of 88602062.
2, 17, 2605943
What are the prime factors of 560828182?
2, 23, 12191917
What are the prime factors of 220839750?
2, 3, 5, 32717
List the prime factors of 647936484.
2, 3, 13, 821, 5059
List the prime factors of 716102716.
2, 7, 47, 53, 10267
What are the prime factors of 1094735661?
3, 364911887
What are the prime factors of 1531006803?
3, 170111867
List the prime factors of 204503576.
2, 131, 195137
What are the prime factors of 4315338403?
277, 419, 37181
List the prime factors of 767387016.
2, 3, 11, 563, 1721
What are the prime factors of 91692539?
2029, 45191
List the prime factors of 11585373.
3, 197, 19603
List the prime factors of 1025352276.
2, 3, 13, 199, 33029
What are the prime factors of 3774150658?
2, 1887075329
List the prime factors of 858164.
2, 214541
List the prime factors of 612214484.
2, 7, 1307, 16729
List the prime factors of 152042807.
7, 19, 277, 4127
What are the prime factors of 237112736?
2, 7, 17, 71, 877
List the prime factors of 120681684.
2, 3, 311, 3593
What are the prime factors of 1317882?
2, 3, 219647
What are the prime factors of 479684579?
11, 43607689
List the prime factors of 6388187809.
19, 336220411
What are the prime factors of 2461836860?
2, 5, 7, 43, 408943
What are the prime factors of 279732279?
3, 23, 4054091
List the prime factors of 63353228.
2, 15838307
What are the prime factors of 3043819313?
67, 89, 510451
List the prime factors of 17268089.
53, 325813
List the prime factors of 1271167055.
5, 97, 691, 3793
List the prime factors of 342213989.
13, 89, 295777
List the prime factors of 3652973748.
2, 3, 29, 199, 5861
What are the prime factors of 302387763?
3, 100795921
List the prime factors of 144699076.
2, 61, 593029
What are the prime factors of 32476165?
5, 647, 10039
List the prime factors of 957010122.
2, 3, 53167229
What are the prime factors of 448965549?
3, 73, 683357
What are the prime factors of 11824025?
5, 29, 47, 347
What are the prime factors of 864777827?
864777827
List the prime factors of 777531913.
41, 59, 321427
What are the prime factors of 832600?
2, 5, 23, 181
What are the prime factors of 175173568?
2, 467, 5861
What are the prime factors of 33317231?
53, 197, 3191
List the prime factors of 38808363.
3, 11, 461, 2551
What are the prime factors of 1113827643?
3, 2089, 59243
What are the prime factors of 1351387530?
2, 3, 5, 29, 107, 1613
What are the prime factors of 1134082968?
2, 3, 271, 174367
List the prime factors of 163808651.
17, 9635803
What are the prime factors of 7320323933?
13, 19, 59, 502321
List the prime factors of 705249993.
3, 7, 47, 102077
What are the prime factors of 279754429?
279754429
List the prime factors of 171339098.
2, 7, 23, 409, 1301
What are the prime factors of 376097323?
7, 271, 198259
List the prime factors of 3390603166.
2, 1695301583
List the prime factors of 218834831.
109, 2007659
What are the prime factors of 1968993779?
43, 45790553
What are the prime factors of 2716329235?
5, 53, 10250299
What are the prime factors of 12335712?
2, 3, 19, 6763
List the prime factors of 1195818997.
41, 113, 258109
What are the prime factors of 4908267835?
5, 29, 151, 373, 601
What are the prime factors of 2732470527?
3, 269, 3385961
What are the prime factors of 1913024374?
2, 956512187
List the prime factors of 1483250014.
2, 61, 12157787
What are the prime factors of 59166568?
2, 7395821
What are the prime factors of 113228848?
2, 7076803
What are the prime factors of 144892482?
2, 3, 7, 3449821
List the prime factors of 515334981.
3, 7, 397, 61813
What are the prime factors of 64309794?
2, 3, 19, 23, 24527
What are the prime factors of 1790413675?
5, 71616547
List the prime factors of 1169311173.
3, 311, 859, 1459
List the prime factors of 3383476166.
2, 7, 4932181
List the prime factors of 57714020.
2, 5, 7, 13, 19, 1669
What are the prime factors of 16300110?
2, 3, 5, 17, 31, 1031
List the prime factors of 377940434.
2, 67, 331, 8521
List the prime factors of 2111838172.
2, 31, 719, 23687
What are the prime factors of 227916964?
2, 11, 5179931
What are the prime factors of 4230389262?
2, 3, 11, 64096807
What are the prime factors of 37477336?
2, 13, 173, 2083
What are the prime factors of 1490374238?
2, 43, 17329933
What are the prime factors of 424317287?
127, 307, 10883
List the prime factors of 491177277.
3, 17, 356701
List the prime factors of 50214138.
2, 3, 13, 29, 79, 281
List the prime factors of 691986017.
229, 3021773
List the prime factors of 